1181860?
1
What is the hundred thousands digit of 8641895?
6
What is the tens digit of 3542314?
1
What is the hundreds digit of 15951509?
5
What is the units digit of 34747002?
2
What is the thousands digit of 73748?
3
What is the ten thousands digit of 654181?
5
What is the hundreds digit of 221491?
4
What is the thousands digit of 7690837?
0
What is the units digit of 122793?
3
What is the millions digit of 3738090?
3
What is the hundred thousands digit of 127048?
1
What is the tens digit of 9296514?
1
What is the ten thousands digit of 183432?
8
What is the thousands digit of 72373?
2
What is the thousands digit of 2477616?
7
What is the hundred thousands digit of 1178133?
1
What is the millions digit of 5197589?
5
What is the thousands digit of 3421481?
1
What is the millions digit of 2743762?
2
What is the ten thousands digit of 4143789?
4
What is the units digit of 2286931?
1
What is the thousands digit of 420870?
0
What is the ten thousands digit of 1461637?
6
What is the tens digit of 44934?
3
What is the ten millions digit of 18367351?
1
What is the hundreds digit of 8866692?
6
What is the hundreds digit of 44212?
2
What is the thousands digit of 997537?
7
What is the units digit of 5587674?
4
What is the thousands digit of 17805?
7
What is the hundred thousands digit of 20114080?
1
What is the hundreds digit of 185173?
1
What is the ten thousands digit of 433965?
3
What is the hundreds digit of 2558519?
5
What is the tens digit of 6193606?
0
What is the hundred thousands digit of 212572?
2
What is the units digit of 3971153?
3
What is the tens digit of 781781?
8
What is the ten thousands digit of 383388?
8
What is the tens digit of 2258204?
0
What is the units digit of 4399109?
9
What is the units digit of 2830131?
1
What is the tens digit of 2361254?
5
What is the hundred thousands digit of 21578048?
5
What is the thousands digit of 4976942?
6
What is the hundreds digit of 285251?
2
What is the tens digit of 197603?
0
What is the millions digit of 4393293?
4
What is the ten millions digit of 15036480?
1
What is the units digit of 221436?
6
What is the ten thousands digit of 31160?
3
What is the units digit of 221259?
9
What is the millions digit of 5924682?
5
What is the hundred thousands digit of 2694635?
6
What is the thousands digit of 379152?
9
What is the ten thousands digit of 40673?
4
What is the ten thousands digit of 557734?
5
What is the millions digit of 1135353?
1
What is the hundred thousands digit of 458168?
4
What is the thousands digit of 1265617?
5
What is the millions digit of 3250198?
3
What is the thousands digit of 410442?
0
What is the thousands digit of 667612?
7
What is the tens digit of 3960343?
4
What is the units digit of 341853?
3
What is the thousands digit of 2526904?
6
What is the tens digit of 6309?
0
What is the ten thousands digit of 3282328?
8
What is the hundreds digit of 1109747?
7
What is the ten thousands digit of 56412?
5
What is the thousands digit of 1365170?
5
What is the hundred thousands digit of 171770?
1
What is the millions digit of 2355867?
2
What is the hundreds digit of 4375942?
9
What is the ten thousands digit of 21863147?
6
What is the hundreds digit of 606920?
9
What is the units digit of 337561?
1
What is the tens digit of 641319?
1
What is the units digit of 4117915?
5
What is the hundreds digit of 149646?
6
What is the ten thousands digit of 2295961?
9
What is the hundreds digit of 56187?
1
What is the millions digit of 13903507?
3
What is the tens digit of 26654103?
0
What is the hundred thousands digit of 9211167?
2
What is the ten thousands digit of 33850?
3
What is the units digit of 17695907?
7
What is the ten thousands digit of 14312375?
1
What is the hundreds digit of 5232945?
9
What is the thousands digit of 4884157?
4
What is the units digit of 2137858?
8
What is the ten thousands digit of 12486723?
8
What is the thousands digit of 780589?
0
What is the units digit of 19228307?
7
What is the thousands digit of 1951648?
1
What is the ten thousands digit of 53457?
5
What is the thousands digit of 26163479?
3
What is the millions digit of 1259136?
1
What is the hundred thousands digit of 5024489?
0
What is the thousands digit of 4388735?
8
What is the hundreds digit of 500567?
5
What is the millions digit of 2286244?
2
What is the units digit of 23096124?
4
What is the hundred thousands digit of 1215078?
2
What is the hundred thousands digit of 2331423?
3
What is the units digit of 250929?
9
What is the millions digit of 1399091?
1
What is the hundred thousands digit of 685435?
6
What is the units digit of 127591?
1
What is the ten thousands digit of 953695?
5
What is the ten thousands digit of 397778?
9
What is the thousands digit of 2108674?
8
What is the hundred thousands digit of 704651?
7
What is the units digit of 15685122?
2
What is the hundreds digit of 11031533?
5
What is the units digit of 171959?
9
What is the hundreds digit of 572465?
4
What is the ten millions digit of 11410093?
1
What is the units digit of 20227906?
6
What is the units digit of 95153?
3
What is the tens digit of 7798683?
8
What is the ten thousands digit of 649856?
4
What is the ten thousands digit of 658153?
5
What is the hundred thousands digit of 630903?
6
What is the units digit of 15946?
6
What is the ten thousands digit of 274847?
7
What is the ten thousands digit of 761931?
6
What is the hundred thousands digit of 158901?
1
What is the hundred thousands digit of 25093019?
0
What is the hundreds digit of 2014174?
1
What is the hundred thousands digit of 321883?
3
What is the units digit of 17382112?
2
What is the hundreds digit of 14229520?
5
What is the tens digit of 431868?
6
What is the ten thousands digit of 467005?
6
What is the thousands digit of 6194812?
4
What is the hundreds digit of 5222762?
7
What is the thousands digit of 17961256?
1
What is the tens digit of 461645?
4
What is the thousands digit of 4813961?
3
What is the millions digit of 3717729?
3
What is the thousands digit of 88402?
8
What is the hundreds digit of 108596?
5
What is the ten thousands digit of 1120780?
2
What is the thousands digit of 133699?
3
What is the units digit of 42746?
6
What is the tens digit of 3022186?
8
What is the units digit of 518516?
6
What is the ten thousands digit of 18082374?
8
What is the hundreds digit of 2377018?
0
What is the thousands digit of 2237188?
7
What is the hundreds digit of 2561529?
5
What is the hundreds digit of 19943581?
5
What is the hundreds digit of 41557?
5
What is the millions digit of 1784397?
1
What is the tens digit of 581366?
6
What is the hundreds digit of 699400?
4
What is the tens digit of 51570?
7
What is the thousands digit of 690352?
0
What is the ten thousands digit of 4670743?
7
What is the hundreds digit of 9392581?
5
What is the tens digit of 359928?
2
What is the tens digit of 5224028?
2
What is the millions digit of 40835791?
0
What is the units digit of 194089?
9
What is the hundred thousands digit of 5528576?
5
What is the thousands digit of 66333?
6
What is the millions digit of 9437337?
9
What is the units digit of 5151853?
3
What is the thousands digit of 818297?
8
What is the thousands digit of 2054544?
4
What is the thousands digit of 377669?
7
What is the hundreds digit of 1581498?
4
What is the tens digit of 3110865?
6
What is the millions digit of 8160932?
8
What is the hundreds digit of 3092088?
0
What is the thousands digit of 741120?
1
What is the units digit of 803036?
6
What is the tens digit of 136071?
7
What is the thousands digit of 24194895?
4
What is the units digit of 13589961?
1
What is the ten thousands digit of 191488?
9
What is the thousands digit of 345804?
5
What is the millions digit of 17169300?
7
What is the millions digit of 5179188?
5
What is the hundred thousands digit of 210908?
2
What is the thousands digit of 17397553?
7
What is the tens digit of 128503?
0
What is the thousands digit of 34932?
4
What is the units digit of 223355?
5
What is the hundreds digit of 2421075?
0
What is the units digit of 5270966?
6
What is the millions digit of 7177639?
7
What is the tens digit of 2053422?
2
What is the hundreds digit of 1819968?
9
What is the units digit of 2550744?
4
What is the tens digit of 305698?
9
What